{"id":102,"date":"2011-07-14T19:46:13","date_gmt":"2011-07-14T19:46:13","guid":{"rendered":"http:\/\/192.168.9.29\/Development\/TB\/?page_id=9"},"modified":"2015-01-29T15:58:10","modified_gmt":"2015-01-29T14:58:10","slug":"realizzazione-giardini","status":"publish","type":"page","link":"https:\/\/www.cecerevivai.it\/web\/realizzazione-giardini\/","title":{"rendered":"Realizzazione Giardini"},"content":{"rendered":"<p><a href=\"https:\/\/cecerevivai.it\/web\/wp-content\/uploads\/2014\/11\/03-cecere-vivai-giardino-privato.jpg\"><img decoding=\"async\" loading=\"lazy\" class=\"alignleft wp-image-2410 size-medium\" src=\"https:\/\/cecerevivai.it\/web\/wp-content\/uploads\/2014\/11\/03-cecere-vivai-giardino-privato-300x224.jpg\" alt=\"\" width=\"300\" height=\"224\" srcset=\"https:\/\/www.cecerevivai.it\/web\/wp-content\/uploads\/2014\/11\/03-cecere-vivai-giardino-privato-300x224.jpg 300w, https:\/\/www.cecerevivai.it\/web\/wp-content\/uploads\/2014\/11\/03-cecere-vivai-giardino-privato.jpg 783w\" sizes=\"(max-width: 300px) 100vw, 300px\" \/><\/a><\/p>\n<p>Una fetta importante di ci\u00f2 che facciamo \u00e8 rappresentata dalla realizzazione di giardini e impianti di irrigazione.<\/p>\n<p>Dopo aver eseguito un sopralluogo, ed ascoltato le esigenze del cliente, passiamo alla progettazione, anche computerizzata, dell\u2019area a verde da attrezzare, grande o piccola che sia, ponendo particolare attenzione agli spazi, alla posizione degli stessi, alla scelta delle piante ed alla loro collocazione nel contesto, perch\u00e9 per noi la realizzazione di un giardino \u00e8 soprattutto, AVERE LA VISIONE Di CIO\u2019 CHE AVVERRA\u2019 NEL TEMPO, e non una semplice opera fine a se stessa dove impiantare di tutto e di pi\u00f9.<br \/>\nIl nostro lavoro sta nel riuscire a creare armonia fra le piante e chi sceglie di vivere il giardino.<br \/>\nLa nostra Mission \u00e8 indirizzarvi nella giusta direzione in ogni fase di realizzazione del Vostro giardino, sia se decidiate di acquistare solo le piante, sia se decidiate di affidarvi completamente a noi.<br \/>\nAffidandovi a noi troverete massima esperienza e professionalit\u00e0, competenza, seriet\u00e0 e puntualit\u00e0, caratteristiche queste che ci hanno permesso di crescere nel tempo.<\/p>\n<p>Si rivolgono a noi:<\/p>\n<ul>\n<li>Privati<\/li>\n<li>Pubbliche Amministrazioni<\/li>\n<li>Condomini<\/li>\n<li>Costruttori Edili<\/li>\n<li>Architetti<\/li>\n<li>Attivit\u00e0 Commerciali<\/li>\n<li>Giardinieri<\/li>\n<li>Fabbriche e Industrie<\/li>\n<\/ul>\n","protected":false},"excerpt":{"rendered":"<p>Una fetta importante di ci\u00f2 che facciamo \u00e8 rappresentata dalla realizzazione di giardini e impianti di irrigazione. Dopo aver eseguito un sopralluogo, ed ascoltato le esigenze del cliente, passiamo alla progettazione, anche computerizzata, dell\u2019area a verde da attrezzare, grande o piccola che sia, ponendo particolare attenzione agli spazi, alla posizione degli stessi, alla scelta delle piante ed alla loro collocazione&nbsp;<a href=\"https:\/\/www.cecerevivai.it\/web\/realizzazione-giardini\/\" class=\"read-more\">Continue Reading<\/a><\/p>\n","protected":false},"author":1,"featured_media":0,"parent":0,"menu_order":2,"comment_status":"closed","ping_status":"closed","template":"","meta":[],"_links":{"self":[{"href":"https:\/\/www.cecerevivai.it\/web\/wp-json\/wp\/v2\/pages\/102"}],"collection":[{"href":"https:\/\/www.cecerevivai.it\/web\/wp-json\/wp\/v2\/pages"}],"about":[{"href":"https:\/\/www.cecerevivai.it\/web\/wp-json\/wp\/v2\/types\/page"}],"author":[{"embeddable":true,"href":"https:\/\/www.cecerevivai.it\/web\/wp-json\/wp\/v2\/users\/1"}],"replies":[{"embeddable":true,"href":"https:\/\/www.cecerevivai.it\/web\/wp-json\/wp\/v2\/comments?post=102"}],"version-history":[{"count":15,"href":"https:\/\/www.cecerevivai.it\/web\/wp-json\/wp\/v2\/pages\/102\/revisions"}],"predecessor-version":[{"id":2597,"href":"https:\/\/www.cecerevivai.it\/web\/wp-json\/wp\/v2\/pages\/102\/revisions\/2597"}],"wp:attachment":[{"href":"https:\/\/www.cecerevivai.it\/web\/wp-json\/wp\/v2\/media?parent=102"}],"curies":[{"name":"wp","href":"https:\/\/api.w.org\/{rel}","templated":true}]}}